{"id":91,"date":"2023-07-31T07:50:57","date_gmt":"2023-07-31T07:50:57","guid":{"rendered":"https:\/\/sabbes.fi\/?page_id=91"},"modified":"2025-09-12T20:00:12","modified_gmt":"2025-09-12T20:00:12","slug":"ideoita","status":"publish","type":"page","link":"https:\/\/sabbes.fi\/?page_id=91","title":{"rendered":"Ideoita"},"content":{"rendered":"\n<p>Kaipaatko erilaista ohjelmaa polttareihin? Oletko j\u00e4rjest\u00e4m\u00e4ss\u00e4 yst\u00e4vien kanssa tapaamisen ja haluaisit tehd\u00e4 jotain uutta? Pit\u00e4isik\u00f6 ty\u00f6paikalle saada jotan yhdist\u00e4v\u00e4\u00e4 tekemist\u00e4?<\/p>\n\n\n\n<p><strong>Autan sinua n\u00e4iss\u00e4kin asioissa<\/strong>. <\/p>\n\n\n\n<p>Voin j\u00e4rjest\u00e4\u00e4 sinulle r\u00e4\u00e4t\u00e4l\u00f6ity\u00e4 ohjelmaa, muutamia esimerkkej\u00e4:<\/p>\n\n\n\n<p><strong>AARREKARTTA<\/strong> unelmista, toivotusta tunnelmasta el\u00e4m\u00e4ss\u00e4, vuosikartta, voimataulu tai muu aiheeseen sopiva kuten toiveet parisuhteesta polttareissa.<\/p>\n\n\n\n<p><strong>\u00c4\u00c4NIMALJARENTOUTUS<\/strong> yst\u00e4v\u00e4porukalle, perheelle, ty\u00f6porukalle tai polttarin alkajaisiksi.<\/p>\n\n\n\n<p><strong>RYHM\u00c4VALMENNUS<\/strong> yst\u00e4v\u00e4porukalle, ty\u00f6ryhm\u00e4lle, perheelle tai polttarin alkajaisiksi. Teemat voivat olla toiveiden mukaan tai esim. ajan hallinta, tunteet, el\u00e4m\u00e4nhallinta, hyv\u00e4 min\u00e4.<\/p>\n\n\n\n<p>Olethan yhteydess\u00e4, suunnittelen toiveidesi pohjalta sopivan kokonaisuuden. Minut tavoittaa <a href=\"mailto:sabbesoyab@gmail.com\">sabbesoyab@gmail.com<\/a> tai +358 40 591 4848. <\/p>\n\n\n\n<div style=\"height:16px\" aria-hidden=\"true\" class=\"wp-block-spacer\"><\/div>\n\n\n\n<blockquote class=\"wp-block-quote is-layout-flow wp-block-quote-is-layout-flow\">\n<p>\u201cWhen you&#8217;re doing good for yourself in mind and body, this is the state of well-being.\u201c<\/p>\n\n\n\n<p>\u2014 Deepak Chopra<\/p>\n<\/blockquote>\n\n\n\n<div style=\"height:16px\" aria-hidden=\"true\" class=\"wp-block-spacer\"><\/div>\n\n\n\n<p><a href=\"https:\/\/sabbes.fi\/\" data-type=\"page\" data-id=\"2\">Takaisin etusivulle<\/a><\/p>\n\n\n\n<div style=\"height:100px\" aria-hidden=\"true\" class=\"wp-block-spacer\"><\/div>\n","protected":false},"excerpt":{"rendered":"<p>Kaipaatko erilaista ohjelmaa polttareihin? Oletko j\u00e4rjest\u00e4m\u00e4ss\u00e4 yst\u00e4vien kanssa tapaamisen ja haluaisit tehd\u00e4 jotain uutta? Pit\u00e4isik\u00f6 ty\u00f6paikalle saada jotan yhdist\u00e4v\u00e4\u00e4 tekemist\u00e4? Autan sinua n\u00e4iss\u00e4kin asioissa. Voin j\u00e4rjest\u00e4\u00e4 sinulle r\u00e4\u00e4t\u00e4l\u00f6ity\u00e4 ohjelmaa, muutamia esimerkkej\u00e4: AARREKARTTA unelmista, toivotusta tunnelmasta el\u00e4m\u00e4ss\u00e4, vuosikartta, voimataulu tai muu aiheeseen sopiva kuten toiveet parisuhteesta polttareissa. \u00c4\u00c4NIMALJARENTOUTUS yst\u00e4v\u00e4porukalle, perheelle, ty\u00f6porukalle tai polttarin alkajaisiksi. RYHM\u00c4VALMENNUS yst\u00e4v\u00e4porukalle, [&hellip;]<\/p>\n","protected":false},"author":1,"featured_media":0,"parent":0,"menu_order":0,"comment_status":"closed","ping_status":"closed","template":"","meta":{"footnotes":""},"class_list":["post-91","page","type-page","status-publish","hentry"],"_links":{"self":[{"href":"https:\/\/sabbes.fi\/index.php?rest_route=\/wp\/v2\/pages\/91","targetHints":{"allow":["GET"]}}],"collection":[{"href":"https:\/\/sabbes.fi\/index.php?rest_route=\/wp\/v2\/pages"}],"about":[{"href":"https:\/\/sabbes.fi\/index.php?rest_route=\/wp\/v2\/types\/page"}],"author":[{"embeddable":true,"href":"https:\/\/sabbes.fi\/index.php?rest_route=\/wp\/v2\/users\/1"}],"replies":[{"embeddable":true,"href":"https:\/\/sabbes.fi\/index.php?rest_route=%2Fwp%2Fv2%2Fcomments&post=91"}],"version-history":[{"count":6,"href":"https:\/\/sabbes.fi\/index.php?rest_route=\/wp\/v2\/pages\/91\/revisions"}],"predecessor-version":[{"id":368,"href":"https:\/\/sabbes.fi\/index.php?rest_route=\/wp\/v2\/pages\/91\/revisions\/368"}],"wp:attachment":[{"href":"https:\/\/sabbes.fi\/index.php?rest_route=%2Fwp%2Fv2%2Fmedia&parent=91"}],"curies":[{"name":"wp","href":"https:\/\/api.w.org\/{rel}","templated":true}]}}